= 5*w + 4. Let d = 19 + j. Suppose 5*l = 5*f - 710, d = -0*l - 5*l. Calculate the remainder when f is divided by 35.
33
Let c = 5498 - 5081. Calculate the remainder when c is divided by 104.
1
Suppose -238*j + 257659 = 50123. Calculate the remainder when j is divided by 125.
122
Let t(u) = 3*u**3 - 20*u + 21. Let g be t(1). Suppose 5*b - 712 + 62 = 0. Suppose -b = -g*c + 22. Calculate the remainder when c is divided by 13.
12
Let l = 2405 + -2268. What is the remainder when 140 is divided by l?
3
Let n = 11 - -5. Suppose -2*v - n = -3*v. Let k(j) = -j**2 - 303*j + 47. Calculate the remainder when k(0) is divided by v.
15
Let j = 0 + 2. Suppose 5*g - 6 = -4*o, o + j = -3*g - 0*g. Calculate the remainder when 16 + (-10)/(-4)*(-6)/5 is divided by o.
1
Let z(a) = 34*a**2 - 139*a + 3571. Calculate the remainder when z(32) is divided by 20.
19
Let f = 341 + -338. Suppose 3 = w - m, -13 = w - f*m - 8. What is the remainder when 46 is divided by w?
4
Suppose -6833 = -365*o + 2292. Calculate the remainder when 80 is divided by o.
5
Let f = 1700 + -1281. What is the remainder when f is divided by 172?
75
Let u = 2868 + -2785. Calculate the remainder when 126 is divided by u.
43
Let x be ((-6)/15)/((-5 - -1)/2880). Suppose -31*m = x - 846. Calculate the remainder when 430 is divided by m.
16
Let y = -10280 + 10378. What is the remainder when 582 is divided by y?
92
Let l = -5193 + 5224. Calculate the remainder when l is divided by 16.
15
Let i(u) = 22*u + 169. Calculate the remainder when 763 is divided by i(-7).
13
Let j = -10 - -26. Let f(o) = o**2 + 7 + 4 + 4*o + 5*o - j. What is the remainder when f(-11) is divided by 6?
5
Suppose 4*r = 6*r + 2*g - 100, -3*g - 218 = -5*r. Let x be 12/(-42) - 82/7. Let s = x + 24. Calculate the remainder when r is divided by s.
10
Let i = -32 - -37. Let j(r) = -r + 9. Let f be j(i). Suppose f*d - 159 = 5. Calculate the remainder when d is divided by 11.
8
Suppose 167 = 8*u - 3137. What is the remainder when 433 is divided by u?
20
Let a(v) = 2*v**2 - 33*v - 18. Let l be a(11). Let c = l - -177. Calculate the remainder when c is divided by 18.
2
Suppose 857*f - 225*f - 97458 = 174302. What is the remainder when 472 is divided by f?
42
Suppose 0 = -n + k + 21, n - 20*k = -25*k + 15. What is the remainder when 232 is divided by n?
12
Suppose -19*i + 84*i - 15990 = 0. Calculate the remainder when i is divided by 17.
8
Suppose 5*l - 238 = q, -3*q - 343 = -5*l - 99. Calculate the remainder when ((-43338)/372)/(3 + (-14)/4) is divided by l.
45
Let t be 0*(-1 - 1)/(-2). Suppose 4*h + 12 = t, 0 = 3*w + 2*w + 3*h - 26. Calculate the remainder when (-8 + 5)/((-3)/27) is divided by w.
6
Let h(p) = 3*p**2 - p + 2. Let n = -2413 + 2470. What is the remainder when n is divided by h(-2)?
9
Suppose -5*t + 5*y = -90, -2*y = -y + 1. Suppose -2*l + 340 = 2*u, -5*u - 25 + 223 = l. What is the remainder when l is divided by t?
10
Suppose 2*m = 6*m - 32. Suppose 0*k + 3*k + 6 = 0, 0 = 4*v + k - 2110. Let a = v - 501. What is the remainder when a is divided by m?
3
Suppose 27*k - 129*k + 235722 = 0. What is the remainder when k is divided by 86?
75
Suppose 0 = 5*d - 3 - 47. Let r be (((-54)/(-4))/3 + -3)*2. Suppose v = -h + 8, -r*v + 0*h = 2*h - 22. What is the remainder when d is divided by v?
4
Let a(x) = -162*x - 113. Let r be a(-1). Let q(k) = k + 13. Let o be q(-6). Suppose 6*z + o - r = 0. What is the remainder when 15 is divided by z?
1
Let x = -141 - -165. Let d(q) = 4*q**2 + 2*q + 1. Suppose -12 = 4*v - 4. What is the remainder when x is divided by d(v)?
11
Suppose 7*o - 4 = 66. What is the remainder when (39/(-2))/((-4)/24) is divided by o?
7
Let z = 1412 + -1288. What is the remainder when z is divided by 35?
19
Suppose l - 99 = -o + 49, 5*l - 708 = 3*o. Suppose 6*m + l = 192. Suppose -5*y + 0*y = -30. What is the remainder when m is divided by y?
2
Let u(s) = -130*s - 15274. Calculate the remainder when u(-124) is divided by 4.
2
Let w(x) = x**2 - 14*x - 1482. Calculate the remainder when 4426 is divided by w(-35).
232
Suppose 2782 = 54*f - 35*f + 88*f. What is the remainder when 122 is divided by f?
18
Let v = -32 + 31. Let p be -2*(v - 3 - 24). Suppose -p = -4*z - 2*j, 0 = -4*z - 0*z + 3*j + 46. What is the remainder when 23 is divided by z?
10
Let l be (41 + 191)*-3*1/2. Let o = -222 - l. Let t = -66 + 98. Calculate the remainder when o is divided by t.
30
Let n be (-5025)/(-20) + (-3)/(-4). Suppose -10*d + 5*d + 65 = 0. Calculate the remainder when n/30*15/6 is divided by d.
8
Let h be (36 - 21)*1/3. Calculate the remainder when 8/(h/(-40)*-4) is divided by 3.
1
Let f = 17358 + -15755. Calculate the remainder when f is divided by 58.
37
Suppose 86*a - 70021 = 46853. Calculate the remainder when a is divided by 16.
15
Suppose 3*d + 28 = y - 11, 112 = 3*y - 4*d. Let s = 30 + -24. Suppose 7*m - s*m = 20. What is the remainder when y is divided by m?
16
Let n = -2827 + 2937. Calculate the remainder when 3187 is divided by n.
107
Let n be ((6/2)/(-3))/((-14)/42). Suppose n*q = -3*l + 2*l + 54, 5*q = 5*l - 230. Suppose -2*d + 68 = 2*d. Calculate the remainder when l is divided by d.
14
Let c = -8 + 12. Suppose c*z - z = 96. Suppose 0 = -h + 4 + 3. Calculate the remainder when z is divided by h.
4
Suppose -16 = -6*l + 2*l. Let m(b) = 2*b**2 + 115*b - 644. Calculate the remainder when m(-63) is divided by l.
1
Calculate the remainder when 275 is divided by -6 + -8 + 23 + -7 + 46.
35
Let s = -249123 - -249679. Let n = 26 + -8. Calculate the remainder when s is divided by n.
16
Suppose 3*y = -3*f + 9, 0 = 3*f - 2*y - 10 + 11. What is the remainder when 23 - (-1 - ((-1)/f + 4)) is divided by 9?
0
Let d = -318 - -187. Let r = 152 + d. Calculate the remainder when 25 is divided by r.
4
Let b(t) = 3*t**2 + 62*t - 1421. What is the remainder when 2664 is divided by b(-35)?
60
Suppose 0 = -k + 2*f - 3, -k + 5*f - 12 = k. Calculate the remainder when 708 is divided by k.
6
Let g = 201 + -113. Let p(r) = r**3 + 10*r**2 + r + 1. What is the remainder when p(-9) is divided by 66/g - 101/(-4)?
21
Let w(r) = 7*r**2 - 21*r - 90. Let b be w(-4). Suppose b*c = 104*c + 6. Calculate the remainder when 14 is divided by c.
2
Suppose 4*f + f = -n + 16, 3*n - 15 = -4*f. Let y = 12 + -14. Calculate the remainder when -5*(1 - 2) + y is divided by f.
0
Calculate the remainder when 308 is divided by 1890/(7 - 0) + (5 - 0).
33
Let g(j) = j + 7. Let y be g(-6). Suppose x - 4*f - 65 = -y, -2*f + 220 = 3*x. What is the remainder when x is divided by -5 + 162/8 + 3/4?
8
Suppose 4*t + 115 - 31 = 0. Let m(v) = -v**3 - 4*v**2 + 7*v + 2. Calculate the remainder when 9581/77 - (-9)/t is divided by m(-6).
28
Suppose -36*j = -38*j - 232. Let t = -162 - j. Calculate the remainder when (2 + t)*(-180)/48 is divided by 42.
39
Suppose -1 = -3*r + 5. Let j(v) = -2 - 2*v - 998*v**2 + 2012*v**2 - 1010*v**2. What is the remainder when 49 is divided by j(r)?
9
Let t(k) = -10*k - 25. Let i be t(-4). Suppose -15 = -10*d + i. Suppose -2*o = -u + d*o + 24, 2*u - 42 = 4*o. What is the remainder when u is divided by 13?
6
Let h = -10 + 20. Suppose i - 5*o - 5 = h, -5*i = -4*o - 54. Let l(j) = -4*j**2 - 251*j - 3024. Calculate the remainder when l(-46) is divided by i.
8
Let s = -93 - -98. Suppose -75 = b + 4*b + o, 0 = -2*b - s*o - 30. What is the remainder when 81 is divided by (-812)/(-20) - (-3 - 39/b)?
40
Let w be -69*(4 + 7 + (-4)/1). Let p = -458 - w. What is the remainder when 118 is divided by p?
18
What is the remainder when (-4*264/(-168))/((-4)/(-14)) is divided by 12?
10
Let r(h) = 84*h - 553. Calculate the remainder when 1765 is divided by r(7).
15
Let c be 10/35 + (-776)/(-28). Suppose 0 = 2*f - c + 24. Suppose -o + 2*l = -18, -4*o + 2*l = -52 - f. Calculate the remainder when 41 is divided by o.
5
Let a be (16/(-24))/((-4)/(-204)). Let r = a - -283. Calculate the remainder when r is divided by 25.
24
Let x(s) = 2*s - 6. Let q be x(4). Suppose 2*k - 34 = -v, -v - 124 = -5*v - q*k. Suppose v + 10 = 2*r. Calculate the remainder when 96 is divided by r.
16
Suppose -4*h = n + 32, -3*h + 3 + 42 = -5*n. Let g(m) = -m**3 - 14*m**2 - 30*m - 30. Calculate the remainder when 118 is divided by g(n).
34
Suppose -2 = -4*v + 6. Let w = 1470 - 1428. Suppose -w = -v*i + 146. Calculate